{"id":4052,"date":"2022-09-13T20:58:44","date_gmt":"2022-09-13T20:58:44","guid":{"rendered":"https:\/\/rutadelfuego.cl\/?post_type=product&#038;p=4052"},"modified":"2024-06-17T13:58:32","modified_gmt":"2024-06-17T13:58:32","slug":"costillero-grande-inox-kb10","status":"publish","type":"product","link":"https:\/\/rutadelfuego.cl\/index.php\/producto\/costillero-grande-inox-kb10\/","title":{"rendered":"Costillero Grande inox KB10"},"content":{"rendered":"","protected":false},"excerpt":{"rendered":"<p>Accesorio de acero al carbono para cocinar piezas grandes de carne, aprovechado al m\u00e1ximo el espacio de la parrilla. Podr\u00e1 asar en altura carnes de 8 a 12 kg a baja temperatura sin perder superficie de parrilla.<\/p>\n<p>DETALLES<\/p>\n<p>Hace un costillar de 8 o 10 kg sin sacarle espacio a tu parrilla. Debajo podr\u00e1s usar el lugar para poner dos bondiolas, verduras, \u00f3 achuras y as\u00ed aprovechar al m\u00e1ximo tu KB10.<br \/>\nComo siempre les recomendamos, la parte del hueso para abajo y cocinarlo por 4 o 5 horas para que las costillas se salgan solas cuando est\u00e9 listo, y lograr los sabores \u00fanicos que se logran solo con Kamado B10.<\/p>\n<p class=\"big-text\">Medidas generales<\/p>\n<ul>\n<li><b>Ancho:<\/b>\u00a037,5 cm<\/li>\n<li><b>Alto:<\/b>\u00a013,5 cm<\/li>\n<li><b>Profundidad:<\/b>\u00a023,5 cm<\/li>\n<\/ul>\n","protected":false},"featured_media":4053,"template":"","meta":[],"product_brand":[],"product_cat":[54],"product_tag":[],"class_list":{"0":"post-4052","1":"product","2":"type-product","3":"status-publish","4":"has-post-thumbnail","6":"product_cat-accesorios","8":"first","9":"instock","10":"shipping-taxable","11":"purchasable","12":"product-type-simple"},"_links":{"self":[{"href":"https:\/\/rutadelfuego.cl\/index.php\/wp-json\/wp\/v2\/product\/4052","targetHints":{"allow":["GET"]}}],"collection":[{"href":"https:\/\/rutadelfuego.cl\/index.php\/wp-json\/wp\/v2\/product"}],"about":[{"href":"https:\/\/rutadelfuego.cl\/index.php\/wp-json\/wp\/v2\/types\/product"}],"wp:featuredmedia":[{"embeddable":true,"href":"https:\/\/rutadelfuego.cl\/index.php\/wp-json\/wp\/v2\/media\/4053"}],"wp:attachment":[{"href":"https:\/\/rutadelfuego.cl\/index.php\/wp-json\/wp\/v2\/media?parent=4052"}],"wp:term":[{"taxonomy":"product_brand","embeddable":true,"href":"https:\/\/rutadelfuego.cl\/index.php\/wp-json\/wp\/v2\/product_brand?post=4052"},{"taxonomy":"product_cat","embeddable":true,"href":"https:\/\/rutadelfuego.cl\/index.php\/wp-json\/wp\/v2\/product_cat?post=4052"},{"taxonomy":"product_tag","embeddable":true,"href":"https:\/\/rutadelfuego.cl\/index.php\/wp-json\/wp\/v2\/product_tag?post=4052"}],"curies":[{"name":"wp","href":"https:\/\/api.w.org\/{rel}","templated":true}]}}