{"id":4246,"date":"2022-10-22T01:52:50","date_gmt":"2022-10-22T01:52:50","guid":{"rendered":"https:\/\/rutadelfuego.cl\/?post_type=product&#038;p=4246"},"modified":"2023-04-27T14:35:33","modified_gmt":"2023-04-27T14:35:33","slug":"set-de-4-termometros-analogos-para-la-carne","status":"publish","type":"product","link":"https:\/\/rutadelfuego.cl\/index.php\/producto\/set-de-4-termometros-analogos-para-la-carne\/","title":{"rendered":"Set de 4 term\u00f3metros an\u00e1logos para la carne"},"content":{"rendered":"","protected":false},"excerpt":{"rendered":"<p>Construcci\u00f3n en acero inoxidable<\/p>\n<p>Marca en grados Celsius o Fahrenheit<\/p>\n<p>Modos de cocci\u00f3n indicados cocido, a punto, crudo<\/p>\n<p>Pueden permanecer en la carnes mientras se asa<\/p>\n<p>Incluye caja de almacenamiento<\/p>\n<p>Dimensiones: 69 x 25 (di\u00e1metro) mm.<\/p>\n","protected":false},"featured_media":4249,"template":"","meta":[],"product_brand":[],"product_cat":[54],"product_tag":[],"class_list":{"0":"post-4246","1":"product","2":"type-product","3":"status-publish","4":"has-post-thumbnail","6":"product_cat-accesorios","8":"first","9":"instock","10":"shipping-taxable","11":"purchasable","12":"product-type-simple"},"_links":{"self":[{"href":"https:\/\/rutadelfuego.cl\/index.php\/wp-json\/wp\/v2\/product\/4246","targetHints":{"allow":["GET"]}}],"collection":[{"href":"https:\/\/rutadelfuego.cl\/index.php\/wp-json\/wp\/v2\/product"}],"about":[{"href":"https:\/\/rutadelfuego.cl\/index.php\/wp-json\/wp\/v2\/types\/product"}],"wp:featuredmedia":[{"embeddable":true,"href":"https:\/\/rutadelfuego.cl\/index.php\/wp-json\/wp\/v2\/media\/4249"}],"wp:attachment":[{"href":"https:\/\/rutadelfuego.cl\/index.php\/wp-json\/wp\/v2\/media?parent=4246"}],"wp:term":[{"taxonomy":"product_brand","embeddable":true,"href":"https:\/\/rutadelfuego.cl\/index.php\/wp-json\/wp\/v2\/product_brand?post=4246"},{"taxonomy":"product_cat","embeddable":true,"href":"https:\/\/rutadelfuego.cl\/index.php\/wp-json\/wp\/v2\/product_cat?post=4246"},{"taxonomy":"product_tag","embeddable":true,"href":"https:\/\/rutadelfuego.cl\/index.php\/wp-json\/wp\/v2\/product_tag?post=4246"}],"curies":[{"name":"wp","href":"https:\/\/api.w.org\/{rel}","templated":true}]}}